-28))/((-1)/(-34)). Calculate the greatest common divisor of 34 and w.
17
Let g = -53 + 113. Suppose 0 = -11*b + 8*b + g. Calculate the highest common factor of b and 100.
20
Let a be (-74)/(-3*(-4)/12). Let k = -29 - a. What is the highest common divisor of 5 and k?
5
Suppose 3*a - a - 33 = 5*y, 3*y - 60 = -3*a. What is the greatest common divisor of a and 19?
19
Let d = 29 - 23. Let a be 50/8 - (-1)/(-4). What is the greatest common factor of a and d?
6
Suppose 5*i - 2*p = 37, 4*i + 4*p - 61 = -i. Let q be ((-30)/i)/((-2)/120). What is the highest common divisor of q and 25?
25
Let j be (6/(-4))/((-2)/16). What is the highest common factor of 12 and j?
12
Suppose -3*y - 25 = 2*y. Let a be 60/(-8)*4/y. Suppose 2*d + 20 = a*d. What is the greatest common factor of 1 and d?
1
Suppose -7*d + 107 - 16 = 0. What is the greatest common factor of d and 13?
13
Let i = 4 + 8. Suppose -3*z - 4*j = -0*z - 78, -135 = -4*z + 5*j. What is the highest common divisor of z and i?
6
Suppose -2 = g - 16. Let z be 534/7 + (-4)/g. What is the highest common factor of 19 and z?
19
Suppose c = -3*d + 13, -5*c + 0*d - 2*d = -39. What is the highest common divisor of 28 and c?
7
Let m = 29 - -11. Calculate the greatest common divisor of 16 and m.
8
Suppose -56 = 61*h - 63*h. Calculate the highest common factor of 224 and h.
28
Let x = 551 + -361. What is the highest common factor of x and 19?
19
Suppose -6 = -3*h - 0. Suppose -h*d + 43 = -21. Let s = 8 + 0. What is the greatest common divisor of s and d?
8
Let o be 12 + -1 - (-2)/2. Let g = 32 - 20. Calculate the greatest common factor of g and o.
12
Suppose -80 = -2*l - 2*l. Let r = l + -10. What is the greatest common factor of 20 and r?
10
Let b(z) = z**3 - 13*z**2 + z - 10. Let d be b(13). What is the highest common divisor of d and 21?
3
Let s be -2 + (-45)/(-20) + 1919/4. Calculate the highest common factor of s and 60.
60
Suppose 4*v - v - 24 = 0. Suppose -4*q - 72 = -v*q. What is the greatest common factor of q and 144?
18
Let y be 0 + 3/(-3) + 20 + -2. Calculate the highest common divisor of y and 119.
17
Let v(m) = m**2 + 10*m - 8. Let p be v(-11). Calculate the highest common divisor of 24 and p.
3
Suppose 2*z - 320 = -2*z. Calculate the greatest common factor of z and 10.
10
Suppose 2*t + 3*p = -4, p + 3 = 1. Suppose -n + t = -1. What is the highest common factor of 18 and n?
2
Let n be 0 + 0 + 2 + 31. Suppose 3*p - n = 15. Let a(h) = -h**2 + 12*h + 13. Let o be a(11). What is the greatest common factor of o and p?
8
Let b be ((-3)/(-6))/((-3)/(-12)). Let l(n) = 21*n**b - 1 + 5*n + 3 - 20*n**2. Let j be l(-6). What is the highest common factor of j and 56?
8
Suppose 5*w - 9 = -m + 3*m, -3*w = 2*m - 15. Suppose 4*n = m*n + 4. Calculate the highest common factor of n and 28.
4
Let z = 8 + -6. Suppose r = z*r. Suppose -p + 1 + 1 = r. What is the highest common factor of p and 4?
2
Suppose -3*z + 254 = 5*a, 8*a + z = 5*a + 150. Suppose -l + a = 3*l + 5*f, 2*l - 21 = f. Calculate the greatest common factor of 77 and l.
11
Let o be 10*(1 - (-6)/4). Let q be ((-18)/(-30))/(1/o). Calculate the greatest common divisor of q and 6.
3
Suppose -f + 4*f = 270. Suppose 3*a - 8*a = -f. Let t be (-6)/15 + (-1810)/(-25). What is the highest common factor of t and a?
18
Suppose 0*t + 90 = 5*t. Let k be (-1)/(-2 + 37/t). Let j = k + 35. What is the highest common factor of j and 51?
17
Let z = -13 - -35. Let f(c) = 49*c**2 - 3*c + 5. Let s be f(4). Suppose -4*x - 1002 = -5*l, s = 4*l + 6*x - x. What is the greatest common divisor of l and z?
22
Let m = 8 - 5. Suppose 0 = -2*w - m*a + 23, -5*a - 5 = -w - 0*a. Calculate the highest common divisor of w and 15.
5
Let a(h) = h**3 + 6*h**2 - 7*h + 2. Let z be a(-7). Suppose -w = z*c + w - 146, 2*w = -c + 74. What is the greatest common divisor of c and 8?
8
Let u be 32/20 + (-4)/(-10). Suppose q - u*q = -2. Calculate the highest common factor of q and 2.
2
Suppose -2*a - 7300 = 3*a. Let d be a/(-15) + (-2)/(-3). Calculate the highest common factor of 14 and d.
14
Let z = -33 - -48. What is the greatest common divisor of 165 and z?
15
Let b(z) = -1 - 379*z + 2 - 28*z - 3. Let t be b(2). Let u be 4/(-18) - t/27. What is the highest common factor of u and 12?
6
Let j = 3 + 0. Calculate the highest common factor of 12 and j.
3
Let s be 8/((-14)/(-3) - 4). What is the highest common factor of s and 18?
6
Let c(a) = 112*a. Suppose -3*i + 5*i = 2. Let f be c(i). What is the greatest common factor of f and 14?
14
Let o be ((-108)/16)/((-4)/32). Calculate the greatest common divisor of 18 and o.
18
Suppose 26 + 24 = -5*s. Let a be 16/s*(-15)/2. Let r be 5*(41/5 + -1). What is the highest common factor of a and r?
12
Let k(u) = -53*u + 7. Let i = 6 - 12. Let v be k(i). Suppose -2*f - 59 = -x, -5*x - 2*f + v = 3*f. Calculate the greatest common divisor of 7 and x.
7
Suppose 3*r + m = 4, 4*r + 5*m - 3 = 6. What is the highest common divisor of r and 2?
1
Suppose -4*f - 1 - 11 = 0. Let c be (1/3)/((-1)/f). Suppose 2*b = 18 + 4. Calculate the greatest common divisor of b and c.
1
Let x(k) = -2*k**2 + 18*k - 17. Let z be x(6). What is the highest common factor of 76 and z?
19
Let t be (1 + 0)*8 + -3. Suppose -t*w - 3*x + 118 = 0, 3*w = -x + 6*x + 64. What is the highest common factor of 69 and w?
23
Let a = -3 - -3. Suppose -5*j + a*j = -280. What is the greatest common divisor of j and 8?
8
Suppose -76 = 2*v - 6*v. Calculate the highest common factor of 19 and v.
19
Suppose q + w + 17 = 2*q, -q + 35 = 5*w. Suppose -b = -3*o - 11, 5*b = -0*o - 4*o + 112. What is the highest common factor of b and q?
20
Let b be (-15)/(-45) - (-1)/(-3). Let l be 0 + 1 + 3 + -2. Suppose l*q + 3*q - 60 = b. What is the greatest common factor of 12 and q?
12
Suppose 4*i - 22 = -0*x - x, x - 4*i = -18. Let v = 52 + -42. Calculate the highest common divisor of x and v.
2
Let z = -184 - -310. Let n be (-6)/(-27) - (-176)/18. Let i = 4 + n. What is the greatest common factor of z and i?
14
Let i = 62 + -51. What is the greatest common divisor of 77 and i?
11
Suppose 5*k = 2*k - 6. Let a = k - -4. Suppose -a*t = -z + 6, 3*z + 3*t = 8*t + 20. Calculate the greatest common divisor of z and 90.
10
Let l be (-475)/(-11) - 12/66. Let v = 82 - l. Calculate the greatest common divisor of v and 26.
13
Let g be 2 - (-4)/(-2 + -2) - -109. What is the highest common factor of g and 22?
22
Suppose -5*a + 210 + 290 = 0. Let v = a + -56. Suppose -3*s = -v + 14. Calculate the highest common divisor of 20 and s.
10
Let i = 1 + 21. Suppose -5*q + i = -u, -u - 8 = -q + u. Suppose 0 = 2*d - 4*v - 4, v + 35 = q*d + 2*v. What is the greatest common divisor of d and 12?
4
Suppose -3*p = -4*d + 58, 0 = -4*p - 0 + 8. Suppose 0 = -2*n + n + 2. Calculate the greatest common divisor of d and n.
2
Let p be (-28)/5*(4 + (-33)/2). Calculate the greatest common factor of 28 and p.
14
Let p(d) = -d**2 - 10*d - 18. Let r be p(-6). Calculate the highest common divisor of 8 and r.
2
Let l(w) = -38*w + 4. Let q be l(-2). Calculate the greatest common factor of 16 and q.
16
Let g(n) = -2*n**3 + 11*n**2 - n - 1. Let b be g(5). What is the greatest common factor of b and 171?
19
Suppose -5*h = -9*h + 272. Calculate the highest common factor of h and 17.
17
Let g = -6 - -11. Suppose -2*r - g*q + 34 = 0, r - q - 8 = q. Suppose 5 + 2 = o + u, -3*u = o - 15. What is the highest common divisor of o and r?
3
Let g(b) = b + 16. Let m be g(-5). Calculate the greatest common factor of m and 99.
11
Suppose 5*q = 4*i - 249, 3*i + q - 2*q = 173. Suppose -3*m + 14 = 4*t - 2, m = -4*t + 24. Calculate the greatest common factor of i and t.
7
Let b be 0 + 1 - (-43 - -2). Let k be 22/8*(2 + b). Calculate the highest common factor of 11 and k.
11
Suppose -4*k + 0*l - 12 = -5*l, 2*k + 4*l - 20 = 0. Calculate the greatest common divisor of 18 and k.
2
Let m(w) = -4*w**3 - 2*w - 1. Let r be m(-1). Suppose -h - 515 = -6*h + 2*u, r*h - 5*u = 500. Calculate the greatest common divisor of 15 and h.
15
Let z be 4/6*72*1 - -2. Calculate the greatest common factor of 10 and z.
10
Suppose -384 = -5*m + 96. Calculate the greatest common divisor of m and 24.
24
Suppose 0 = f - 32 - 12. What is the greatest common factor of f and 11?
11
Let f = -11 + 20. Let k be 83/f - 12/54. Calculat